g + 9. Determine u(b).
9
Let o = 66 + -45. Let z(h) = 10 + 5*h + o*h - 25*h. Suppose 15 = -4*a - 5*v, 4*a - 5*a - 4*v = 1. Calculate z(a).
5
Let f(c) = 6*c**2 + 3*c - 3. Let n(p) = p**3 + 3*p**2 - 15*p - 37. Let l be n(-2). Give f(l).
42
Let b(s) = -3*s**2 - 23*s - 47. Let q be 570/(-228)*(-4)/(-10)*(0 - -2). Give b(q).
-13
Suppose -48 = -4*b + 4*f, -3*f - 62 + 56 = 0. Let x(q) = 3*q - 32. Calculate x(b).
-2
Let r(z) = -4*z**2 + z. Let l be (-1*(-3 - -4))/(-2 + 3). Let c be (3 - l)/2 - 0/22. What is r(c)?
-14
Let y(g) = -12*g**3 + g - 1. Suppose -5402*r + 5408*r = 6. Give y(r).
-12
Let a be (3 + 1 + -3)*-11. Let c = 13 + a. Let b(i) = 7*i**2 - 7*i - 6. Let t(h) = h**2 - h - 1. Let k(w) = b(w) - 5*t(w). Determine k(c).
3
Let p = -668 + 670. Let n(j) = -8*j**p + j**3 + 10*j + j + 12*j**2 - 14 - 3*j**2 - 9*j**2. What is n(7)?
14
Let c(g) = -g**2 + 5*g + 4. Let r be c(4). Let u be (8 - (-84)/(-9)) + (-20)/(-6). Let v(a) = -12*a + 16*a**u - 15*a**2 + 12 - 1 + 4*a. Calculate v(r).
11
Let p(v) = -v**2 + 2*v. Let i be (-1 + -1)*(-594)/36. Suppose i*t - 20 = 23*t. Determine p(t).
0
Suppose 3*f - 3*g = -12, -f + 10*g - 20 = 5*g. Let z(t) be the third derivative of -1/24*t**4 + 0 + 11*t**2 + f*t + 4/3*t**3. Give z(6).
2
Let s(d) = 129*d - d**2 + 3 + 127*d - 385*d + 127*d. Calculate s(3).
-12
Let y(j) = -29*j - 192*j**3 - 6*j**2 + 83*j**3 + 38*j**3 + 10 + 35*j**3 + 37*j**3. What is y(9)?
-8
Let d(a) = -29*a**2 - 304*a - 141. Let u be d(-10). Let y(b) be the second derivative of 7*b**5/20 + b**4/6 + b**3/3 + b**2/2 - 2*b. Determine y(u).
-6
Let w(o) = o**2 + 5*o - 60. Let x(b) = -b**2 - 4*b + 56. Let k(f) = 8*w(f) + 9*x(f). Determine k(-3).
3
Let o(r) = -r**3 + r**2 + r. Let c(p) = -7*p**3 - 6. Let b be 285/(-38) + (-6)/(-4). Let s(g) = b*o(g) + c(g). Suppose -198*j + 35 = -205*j. Determine s(j).
-1
Let w(l) = -l**3 + 4*l**2 + 16*l + 39. Let n be w(7). Let j(t) be the first derivative of 10 - 5/3*t**3 - t + 1/4*t**n + 2*t**2. Give j(3).
-7
Suppose 0 = 2*v - 2, 7*c + v = 5*c + 9. Suppose 0 = -c*b - b - 15. Let n(j) = -58*j**2 + 57*j**2 - 3*j - 3 + 4. Calculate n(b).
1
Let s be (18/10)/(24/600). Let l be (-34)/(-16) + (s/(-40))/9. Let k(w) = 6*w**2 + w + 2. What is k(l)?
28
Let i(x) be the first derivative of -x**4/4 - x**2/2 - 24*x - 16381. Suppose 14 = -5*u - 0*j - 3*j, -3*j - 9 = 0. Let z be (-2 + 2)/(u/(-1)). Calculate i(z).
-24
Let d(o) be the first derivative of -o**2/2 - 14*o + 372. Suppose -4 - 1 = 5*b + 4*v, -v = -5. Give d(b).
-9
Let t(n) = n**3 + 15 - 60*n + 128*n - 4*n**2 - 73*n. Determine t(5).
15
Let h(n) = -30*n**2 + 3*n - 4*n + 29 - 30 + 2*n. Give h(1).
-30
Let z(n) be the third derivative of -n**6/120 + 2*n**5/15 + n**4/12 + 7*n**3/6 - 154*n**2 + n - 1. What is z(8)?
23
Let d(j) = -24*j - 627. Let t be d(-26). Let y(q) = -4*q - 48. Determine y(t).
-36
Let y(p) = -13*p**2 - p + 1. Suppose 4*t = 7*t - 2*h - 19, 0 = -4*t - h - 4. Determine y(t).
-13
Let j(t) = -t**2 - 2*t - 89. Let m(b) = -3*b - 76. Let l(r) = 2*j(r) - 3*m(r). What is l(0)?
50
Let m(d) = -d**3 + 6*d**2 - 6*d - 1. Suppose -45 = -9*i - 35 + 35. Determine m(i).
-6
Let h(c) be the second derivative of -81*c**5/20 + c**4/6 - c**2/2 - 1755*c - 2. Determine h(1).
-80
Let m(r) be the second derivative of 2*r + 13 - 11/2*r**2 - 1/12*r**4 + 5/2*r**3. Determine m(14).
3
Let h(p) = -81 + 44 - 13*p - 6*p + 6*p + 48. Give h(-7).
102
Let o(z) be the second derivative of -22 - 5/12*z**4 - 2*z + 7/2*z**2 + 0*z**3 + 1/20*z**5. Determine o(5).
7
Let j(r) = -3*r**3 - 3*r**2 + 9. Let f = 13147 + -13144. Give j(f).
-99
Let d(h) = -315 - 5*h - 3 + 67 - 10*h - 161. Give d(-28).
8
Let s(z) = 89*z**2 + 29*z - 34. Let l(f) = -193*f**2 - 59*f + 68. Let g(t) = 6*l(t) + 13*s(t). What is g(21)?
8
Let z = -843 + 848. Let y(v) = -12 - v - 26*v**2 + z + 27*v**2 + 0. What is y(-5)?
23
Let t(y) be the second derivative of 17*y**3/6 - 108*y**2 + 1680*y. Calculate t(13).
5
Let k(m) = -11418 + 11436 + 20*m - 5*m. Give k(5).
93
Let o(u) = 11*u - 9. Suppose 1650 - 1646 = b. Determine o(b).
35
Let t(a) = -4*a - 6 + 6*a + 2*a. Suppose -3*w = -u + 6*u - 1, 9 = -3*w - 3*u. Let q be (w/4)/((-2)/6). Calculate t(q).
18
Let o(a) be the second derivative of -a**4/12 + 37*a**3/6 + 40*a**2 - a - 5938. Give o(39).
2
Let k(g) = 68*g - 20. Let f = 39514 + -39513. What is k(f)?
48
Suppose 0 = 9*t - 45 - 90. Let b(r) = 7*r**2 - 5 + t*r + r**3 + 10*r - 47*r + 14*r. Give b(-8).
-5
Let x(p) = -8*p**2 + 104*p - 171. Let v(c) = c**2 - 15*c + 25. Let b(f) = -15*v(f) - 2*x(f). Give b(-18).
-15
Let n(h) = 20*h - 25. Suppose -700*l = -693*l - 7. What is n(l)?
-5
Let r be 84/14 - (4 - 1). Let t(l) = -l**r + 7*l**2 + 18*l - 20*l + 9 + 13*l + 2*l**2. What is t(10)?
19
Let a be (2 + -2)/(3 + (-3 - 3)). Let z(t) = -t + 14. What is z(a)?
14
Let h(m) = -5771*m**2 + 2*m + 2875*m**2 - 1 + 2*m**3 + 2872*m**2. What is h(12)?
23
Let x(u) = 392*u + 1204. Let y be x(-3). Let l(h) = -4*h + 60. What is l(y)?
-52
Let v(h) = -h**2 - 13*h - 13. Let z(y) = -3*y - 13 + 1 - 3 + 0. Let s be z(-1). What is v(s)?
-1
Let t(s) = -s**3 - 8*s**2 - 13*s + 4. Let z(v) = 2*v - 5. Let m be z(-1). Calculate t(m).
46
Let j(n) = n**3 - 12*n**2 + 12*n - 8. Let a(s) = -325*s - 2. Let g be a(4). Let r be 84/g - (-343)/31. Determine j(r).
3
Let v be (2 + 210/(-24))/((-3)/(-8)). Let a be ((-1233)/v)/((-2)/(-4)). Let m(o) = 2*o + a - 132 + 3*o. What is m(-4)?
-15
Let w(q) = -q**2 - 9*q - 5. Let h(x) = -x**3 + 2*x**2 - x. Let l be h(-1). Suppose b - 35 = l*f, -4*f + 7*f + 27 = b. Calculate w(f).
3
Suppose 0 = 2*p - 14, -5*h + 4*p - 34 = -8*h. Let m(v) = 4*v**2 - 7*v. Calculate m(h).
2
Let w(t) = -2*t + 4. Let v = 45 - 34. Suppose -15 = -v*f + 8*f. Suppose f*b = -4*j + 1 - 5, 5*j = b + 24. What is w(b)?
12
Suppose -2*j + n = -6 - 3, 5*j = 5*n + 35. Let s(x) = 3*x**2 - 3*x + 2. Let k be s(1). Let w(g) = 2*g + 3*g - 5*g - k*g - 2. Calculate w(j).
-6
Let d(a) = 11*a + 22. Let n(c) = -c + 1. Let o(l) = -2*l - 9. Let h be 3/(18/4)*12/(-8). Let v(f) = h*o(f) - 2*n(f). Let u(s) = -3*d(s) + 8*v(s). What is u(7)?
-17
Let n = 316 - 300. Let g(h) = h**3 - 4*h**2 + 3*h + 4. Let b be g(3). Let f be -1 - (0 - n)/b. Let x(p) = p**3 - 2*p**2 - 2. Calculate x(f).
7
Suppose 0 = -w + 2*u - 11, -5*w + 4*u - 24 - 7 = 0. Let t(o) = o**3 + 4*o**2 + 5*o + 2. Let v be t(w). Let q(j) = 76 + 59*j - 61*j - 71. Give q(v).
13
Let l(v) = 2*v**3 + 12*v**2 + 10*v + 12. Let c(x) = -x**3 - x**2 - 1. Let a(y) = -3*c(y) - l(y). Suppose -1093 = 1020*h - 4745 - 6548. Determine a(h).
-9
Let q = 8 + -3. Let w(b) = -2*b. Let d(k) = 3*k - 1. Let i(x) = q*w(x) + 3*d(x). Let l be i(7). Let z(t) = t**2 + 10*t + 3. What is z(l)?
3
Let n(i) = -189*i - 63. Let v(f) = -80*f - 31. Let q(b) = 3*n(b) - 7*v(b). Determine q(6).
-14
Suppose -w + 3*g = 32, -241*w = -246*w - 5*g - 20. Let a(l) = -2*l**2 - 27*l - 49. Give a(w).
6
Let v(b) = -41*b**3 - 16*b**2 - 11*b + 5. Let k(n) = 8*n**3 + 3*n**2 + 2*n - 1. Let f(a) = 11*k(a) + 2*v(a). Let c be (66/6 + -9)/(-2 - 0). Calculate f(c).
-6
Let r(u) = -17*u - 5. Let l(p) = -61*p - 15. Let a(n) = 4*l(n) - 14*r(n). What is a(0)?
10
Let j(o) = 1398 - 162*o + 80*o - 1395 + 80*o. Let y(w) = -w**3 + 5*w**2 + 4. Let x(h) = -4*h**3 + h**2 - h - 1. Let p be x(-1). Let t be y(p). Calculate j(t).
-5
Let q(r) = -r + 1. Let y(m) = -2*m. Let t(z) = -4*q(z) + y(z). Let u be (-24)/(-10)*(-4080)/(-96). Suppose -u*n - 154 = -124*n. Give t(n).
10
Let b(h) = -h**3 + 4*h**2 + 3*h + 3. Let m(t) = -2*t**2 - 51*t + 177. Let q be m(3). Give b(q).
-51
Let i(l) = -2*l + 4. Let o(z) = -5*z**2 + 2*z. Let h be (-15)/6*(-8)/10. Let t be o(h). Let a = -10 - t. Give i(a).
-8
Let i(b) = -b + 1. Let q(u) = -9 - 2*u**2 + 2*u**2 - u**2 + 1 + 10*u. Let v(p) = -5*i(p) - q(p). Give v(3).
-3
Suppose -9*d + 18*d - 18 = 0. Let c(m) = -7*m - d - 15 + 17. Calculate c(4).
-28
Let o(l) = l**3 - 3*l**2 + l - 2. Let m(s) = -2*s**3 + 7*s**2 - 3*s + 5. Let c = -81 + 143. Suppose c = -12*w - 94. Let u(n) = w*o(n) - 6*m(n). Give u(-5).
21
Let y(o) = 2*o + 49. Let z be y(-17). Suppose z*b + 22 = -98. Let p(i) = -i**3 - 8*i**2 - i + 3. What is p(b)?
11
Let l be ((-4)/6)/((-46)/5175). Suppose -89*y + 91*y - 4*s - 60 = 0, -3*s = -3*y + l. Let j(m) = 2*m - 34. Give j(y).
6
Let b(w) = 10. Suppose 0 = 7*l + 19*l + 130. Let j(s) = -s + 21. Let y(k) = l*